{"id":73,"date":"2026-05-04T20:28:28","date_gmt":"2026-05-04T18:28:28","guid":{"rendered":"http:\/\/oassawindels.com\/?page_id=73"},"modified":"2026-05-04T20:36:48","modified_gmt":"2026-05-04T18:36:48","slug":"constellations-familiales-a-mouscron","status":"publish","type":"page","link":"https:\/\/oassawindels.com\/index.php\/constellations-familiales-a-mouscron\/","title":{"rendered":"Constellations familiales \u00e0 Mouscron"},"content":{"rendered":"\t\t<div data-elementor-type=\"wp-page\" data-elementor-id=\"73\" class=\"elementor elementor-73\">\n\t\t\t\t\t\t<section class=\"elementor-section elementor-top-section elementor-element elementor-element-cca4bfe elementor-section-boxed elementor-section-height-default elementor-section-height-default\" data-id=\"cca4bfe\" data-element_type=\"section\" data-e-type=\"section\">\n\t\t\t\t\t\t<div class=\"elementor-container elementor-column-gap-default\">\n\t\t\t\t\t<div class=\"elementor-column elementor-col-100 elementor-top-column elementor-element elementor-element-62d2306\" data-id=\"62d2306\" data-element_type=\"column\" data-e-type=\"column\">\n\t\t\t<div class=\"elementor-widget-wrap elementor-element-populated\">\n\t\t\t\t\t\t<div class=\"elementor-element elementor-element-e6169ac elementor-widget elementor-widget-heading\" data-id=\"e6169ac\" data-element_type=\"widget\" data-e-type=\"widget\" data-widget_type=\"heading.default\">\n\t\t\t\t<div class=\"elementor-widget-container\">\n\t\t\t\t\t<h2 class=\"elementor-heading-title elementor-size-default\">Constellations familiales \u00e0 Mouscron<\/h2>\t\t\t\t<\/div>\n\t\t\t\t<\/div>\n\t\t\t\t<div class=\"elementor-element elementor-element-a27c0f8 elementor-widget elementor-widget-text-editor\" data-id=\"a27c0f8\" data-element_type=\"widget\" data-e-type=\"widget\" data-widget_type=\"text-editor.default\">\n\t\t\t\t<div class=\"elementor-widget-container\">\n\t\t\t\t\t\t\t\t\t<p style=\"text-align: center;\"><strong><em>Apaiser les liens, comprendre les sch\u00e9mas, avancer plus librement.<\/em><\/strong><\/p>\t\t\t\t\t\t\t\t<\/div>\n\t\t\t\t<\/div>\n\t\t\t\t<div class=\"elementor-element elementor-element-07e1505 elementor-widget elementor-widget-text-editor\" data-id=\"07e1505\" data-element_type=\"widget\" data-e-type=\"widget\" data-widget_type=\"text-editor.default\">\n\t\t\t\t<div class=\"elementor-widget-container\">\n\t\t\t\t\t\t\t\t\t<p style=\"text-align: center;\">Les constellations familiales permettent de mettre en lumi\u00e8re des sch\u00e9mas inconscients issus de l\u2019histoire familiale.<\/p><p style=\"text-align: center;\">Elles offrent un espace pour comprendre certaines r\u00e9p\u00e9titions, apaiser les relations et retrouver sa juste place.<\/p>\t\t\t\t\t\t\t\t<\/div>\n\t\t\t\t<\/div>\n\t\t\t\t<div class=\"elementor-element elementor-element-bb106c7 elementor-widget elementor-widget-heading\" data-id=\"bb106c7\" data-element_type=\"widget\" data-e-type=\"widget\" data-widget_type=\"heading.default\">\n\t\t\t\t<div class=\"elementor-widget-container\">\n\t\t\t\t\t<h2 class=\"elementor-heading-title elementor-size-default\">Pourquoi faire une constellation ?<\/h2>\t\t\t\t<\/div>\n\t\t\t\t<\/div>\n\t\t\t\t<div class=\"elementor-element elementor-element-3056b7d elementor-widget elementor-widget-text-editor\" data-id=\"3056b7d\" data-element_type=\"widget\" data-e-type=\"widget\" data-widget_type=\"text-editor.default\">\n\t\t\t\t<div class=\"elementor-widget-container\">\n\t\t\t\t\t\t\t\t\t<p style=\"text-align: center;\">Cette approche peut \u00eatre utile si vous vivez :<\/p><p style=\"text-align: center;\">&#8211; des difficult\u00e9s relationnelles <br \/>&#8211; des situations qui se r\u00e9p\u00e8tent <br \/>&#8211; un sentiment de blocage dans votre vie <br \/>&#8211; des \u00e9motions difficiles \u00e0 comprendre<\/p>\t\t\t\t\t\t\t\t<\/div>\n\t\t\t\t<\/div>\n\t\t\t\t<div class=\"elementor-element elementor-element-7f169cf elementor-widget elementor-widget-heading\" data-id=\"7f169cf\" data-element_type=\"widget\" data-e-type=\"widget\" data-widget_type=\"heading.default\">\n\t\t\t\t<div class=\"elementor-widget-container\">\n\t\t\t\t\t<h2 class=\"elementor-heading-title elementor-size-default\">Comment se d\u00e9roule une s\u00e9ance ?<\/h2>\t\t\t\t<\/div>\n\t\t\t\t<\/div>\n\t\t\t\t<div class=\"elementor-element elementor-element-f89c96a elementor-widget elementor-widget-text-editor\" data-id=\"f89c96a\" data-element_type=\"widget\" data-e-type=\"widget\" data-widget_type=\"text-editor.default\">\n\t\t\t\t<div class=\"elementor-widget-container\">\n\t\t\t\t\t\t\t\t\t<p style=\"text-align: center;\">Les constellations peuvent se vivre en s\u00e9ance individuelle ou en groupe.<\/p><p style=\"text-align: center;\">Dans un cadre respectueux et bienveillant, nous explorons ensemble les dynamiques en jeu afin de permettre un apaisement et une transformation.<\/p>\t\t\t\t\t\t\t\t<\/div>\n\t\t\t\t<\/div>\n\t\t\t\t<div class=\"elementor-element elementor-element-eab3ad4 elementor-align-center elementor-widget elementor-widget-button\" data-id=\"eab3ad4\" data-element_type=\"widget\" data-e-type=\"widget\" data-widget_type=\"button.default\">\n\t\t\t\t<div class=\"elementor-widget-container\">\n\t\t\t\t\t\t\t\t\t<div class=\"elementor-button-wrapper\">\n\t\t\t\t\t<a class=\"elementor-button elementor-button-link elementor-size-sm\" href=\"#\">\n\t\t\t\t\t\t<span class=\"elementor-button-content-wrapper\">\n\t\t\t\t\t\t\t\t\t<span class=\"elementor-button-text\">Participez \u00e0 une s\u00e9ance<\/span>\n\t\t\t\t\t<\/span>\n\t\t\t\t\t<\/a>\n\t\t\t\t<\/div>\n\t\t\t\t\t\t\t\t<\/div>\n\t\t\t\t<\/div>\n\t\t\t\t\t<\/div>\n\t\t<\/div>\n\t\t\t\t\t<\/div>\n\t\t<\/section>\n\t\t\t\t<\/div>\n\t\t","protected":false},"excerpt":{"rendered":"<p>Constellations familiales \u00e0 Mouscron Apaiser les liens, comprendre les sch\u00e9mas, avancer plus librement. Les constellations familiales permettent de mettre en lumi\u00e8re des sch\u00e9mas inconscients issus de l\u2019histoire familiale. Elles offrent un espace pour comprendre certaines r\u00e9p\u00e9titions, apaiser les relations et retrouver sa juste place. Pourquoi faire une constellation ? Cette approche peut \u00eatre utile si [&hellip;]<\/p>\n","protected":false},"author":1,"featured_media":0,"parent":0,"menu_order":0,"comment_status":"closed","ping_status":"closed","template":"","meta":{"footnotes":""},"class_list":["post-73","page","type-page","status-publish","hentry"],"yoast_head":"<!-- This site is optimized with the Yoast SEO plugin v27.5 - https:\/\/yoast.com\/product\/yoast-seo-wordpress\/ -->\n<title>Constellations familiales \u00e0 Mouscron - Oassa Windels<\/title>\n<meta name=\"robots\" content=\"index, follow, max-snippet:-1, max-image-preview:large, max-video-preview:-1\" \/>\n<link rel=\"canonical\" href=\"http:\/\/oassawindels.com\/index.php\/constellations-familiales-a-mouscron\/\" \/>\n<meta property=\"og:locale\" content=\"fr_FR\" \/>\n<meta property=\"og:type\" content=\"article\" \/>\n<meta property=\"og:title\" content=\"Constellations familiales \u00e0 Mouscron - Oassa Windels\" \/>\n<meta property=\"og:description\" content=\"Constellations familiales \u00e0 Mouscron Apaiser les liens, comprendre les sch\u00e9mas, avancer plus librement. Les constellations familiales permettent de mettre en lumi\u00e8re des sch\u00e9mas inconscients issus de l\u2019histoire familiale. Elles offrent un espace pour comprendre certaines r\u00e9p\u00e9titions, apaiser les relations et retrouver sa juste place. Pourquoi faire une constellation ? Cette approche peut \u00eatre utile si [&hellip;]\" \/>\n<meta property=\"og:url\" content=\"http:\/\/oassawindels.com\/index.php\/constellations-familiales-a-mouscron\/\" \/>\n<meta property=\"og:site_name\" content=\"Oassa Windels\" \/>\n<meta property=\"article:modified_time\" content=\"2026-05-04T18:36:48+00:00\" \/>\n<meta name=\"twitter:card\" content=\"summary_large_image\" \/>\n<meta name=\"twitter:label1\" content=\"Dur\u00e9e de lecture estim\u00e9e\" \/>\n\t<meta name=\"twitter:data1\" content=\"1 minute\" \/>\n<script type=\"application\/ld+json\" class=\"yoast-schema-graph\">{\"@context\":\"https:\\\/\\\/schema.org\",\"@graph\":[{\"@type\":\"WebPage\",\"@id\":\"http:\\\/\\\/oassawindels.com\\\/index.php\\\/constellations-familiales-a-mouscron\\\/\",\"url\":\"http:\\\/\\\/oassawindels.com\\\/index.php\\\/constellations-familiales-a-mouscron\\\/\",\"name\":\"Constellations familiales \u00e0 Mouscron - Oassa Windels\",\"isPartOf\":{\"@id\":\"http:\\\/\\\/oassawindels.com\\\/#website\"},\"datePublished\":\"2026-05-04T18:28:28+00:00\",\"dateModified\":\"2026-05-04T18:36:48+00:00\",\"breadcrumb\":{\"@id\":\"http:\\\/\\\/oassawindels.com\\\/index.php\\\/constellations-familiales-a-mouscron\\\/#breadcrumb\"},\"inLanguage\":\"fr-FR\",\"potentialAction\":[{\"@type\":\"ReadAction\",\"target\":[\"http:\\\/\\\/oassawindels.com\\\/index.php\\\/constellations-familiales-a-mouscron\\\/\"]}]},{\"@type\":\"BreadcrumbList\",\"@id\":\"http:\\\/\\\/oassawindels.com\\\/index.php\\\/constellations-familiales-a-mouscron\\\/#breadcrumb\",\"itemListElement\":[{\"@type\":\"ListItem\",\"position\":1,\"name\":\"Home\",\"item\":\"http:\\\/\\\/oassawindels.com\\\/\"},{\"@type\":\"ListItem\",\"position\":2,\"name\":\"Constellations familiales \u00e0 Mouscron\"}]},{\"@type\":\"WebSite\",\"@id\":\"http:\\\/\\\/oassawindels.com\\\/#website\",\"url\":\"http:\\\/\\\/oassawindels.com\\\/\",\"name\":\"Oassa Windels\",\"description\":\"Un site utilisant WordPress\",\"potentialAction\":[{\"@type\":\"SearchAction\",\"target\":{\"@type\":\"EntryPoint\",\"urlTemplate\":\"http:\\\/\\\/oassawindels.com\\\/?s={search_term_string}\"},\"query-input\":{\"@type\":\"PropertyValueSpecification\",\"valueRequired\":true,\"valueName\":\"search_term_string\"}}],\"inLanguage\":\"fr-FR\"}]}<\/script>\n<!-- \/ Yoast SEO plugin. -->","yoast_head_json":{"title":"Constellations familiales \u00e0 Mouscron - Oassa Windels","robots":{"index":"index","follow":"follow","max-snippet":"max-snippet:-1","max-image-preview":"max-image-preview:large","max-video-preview":"max-video-preview:-1"},"canonical":"http:\/\/oassawindels.com\/index.php\/constellations-familiales-a-mouscron\/","og_locale":"fr_FR","og_type":"article","og_title":"Constellations familiales \u00e0 Mouscron - Oassa Windels","og_description":"Constellations familiales \u00e0 Mouscron Apaiser les liens, comprendre les sch\u00e9mas, avancer plus librement. Les constellations familiales permettent de mettre en lumi\u00e8re des sch\u00e9mas inconscients issus de l\u2019histoire familiale. Elles offrent un espace pour comprendre certaines r\u00e9p\u00e9titions, apaiser les relations et retrouver sa juste place. Pourquoi faire une constellation ? Cette approche peut \u00eatre utile si [&hellip;]","og_url":"http:\/\/oassawindels.com\/index.php\/constellations-familiales-a-mouscron\/","og_site_name":"Oassa Windels","article_modified_time":"2026-05-04T18:36:48+00:00","twitter_card":"summary_large_image","twitter_misc":{"Dur\u00e9e de lecture estim\u00e9e":"1 minute"},"schema":{"@context":"https:\/\/schema.org","@graph":[{"@type":"WebPage","@id":"http:\/\/oassawindels.com\/index.php\/constellations-familiales-a-mouscron\/","url":"http:\/\/oassawindels.com\/index.php\/constellations-familiales-a-mouscron\/","name":"Constellations familiales \u00e0 Mouscron - Oassa Windels","isPartOf":{"@id":"http:\/\/oassawindels.com\/#website"},"datePublished":"2026-05-04T18:28:28+00:00","dateModified":"2026-05-04T18:36:48+00:00","breadcrumb":{"@id":"http:\/\/oassawindels.com\/index.php\/constellations-familiales-a-mouscron\/#breadcrumb"},"inLanguage":"fr-FR","potentialAction":[{"@type":"ReadAction","target":["http:\/\/oassawindels.com\/index.php\/constellations-familiales-a-mouscron\/"]}]},{"@type":"BreadcrumbList","@id":"http:\/\/oassawindels.com\/index.php\/constellations-familiales-a-mouscron\/#breadcrumb","itemListElement":[{"@type":"ListItem","position":1,"name":"Home","item":"http:\/\/oassawindels.com\/"},{"@type":"ListItem","position":2,"name":"Constellations familiales \u00e0 Mouscron"}]},{"@type":"WebSite","@id":"http:\/\/oassawindels.com\/#website","url":"http:\/\/oassawindels.com\/","name":"Oassa Windels","description":"Un site utilisant WordPress","potentialAction":[{"@type":"SearchAction","target":{"@type":"EntryPoint","urlTemplate":"http:\/\/oassawindels.com\/?s={search_term_string}"},"query-input":{"@type":"PropertyValueSpecification","valueRequired":true,"valueName":"search_term_string"}}],"inLanguage":"fr-FR"}]}},"_links":{"self":[{"href":"https:\/\/oassawindels.com\/index.php\/wp-json\/wp\/v2\/pages\/73","targetHints":{"allow":["GET"]}}],"collection":[{"href":"https:\/\/oassawindels.com\/index.php\/wp-json\/wp\/v2\/pages"}],"about":[{"href":"https:\/\/oassawindels.com\/index.php\/wp-json\/wp\/v2\/types\/page"}],"author":[{"embeddable":true,"href":"https:\/\/oassawindels.com\/index.php\/wp-json\/wp\/v2\/users\/1"}],"replies":[{"embeddable":true,"href":"https:\/\/oassawindels.com\/index.php\/wp-json\/wp\/v2\/comments?post=73"}],"version-history":[{"count":4,"href":"https:\/\/oassawindels.com\/index.php\/wp-json\/wp\/v2\/pages\/73\/revisions"}],"predecessor-version":[{"id":77,"href":"https:\/\/oassawindels.com\/index.php\/wp-json\/wp\/v2\/pages\/73\/revisions\/77"}],"wp:attachment":[{"href":"https:\/\/oassawindels.com\/index.php\/wp-json\/wp\/v2\/media?parent=73"}],"curies":[{"name":"wp","href":"https:\/\/api.w.org\/{rel}","templated":true}]}}